{"id":1404,"date":"2019-11-27T07:27:28","date_gmt":"2019-11-27T06:27:28","guid":{"rendered":"https:\/\/benzinampel.de\/blog\/?page_id=1404"},"modified":"2024-02-14T12:15:45","modified_gmt":"2024-02-14T11:15:45","slug":"startseite","status":"publish","type":"page","link":"https:\/\/benzinampel.de\/blog\/","title":{"rendered":"Startseite"},"content":{"rendered":"<h1>Das Magazin rund ums Auto, Motorrad &amp; Wohnmobil<\/h1>\n<p>Herzlich Willkommen auf dem Blog der Benzinampel. Hier finden Sie immer aktuell Tipps rund um das Thema Kraftstoff, Auto, Motorrad, Wohnwagen, Sicherheit und Technik.&nbsp;<\/p>\n<p><!-- End Ezoic - gen_under_first_paragraph - under_first_paragraph --><!-- Ezoic - gen_under_first_paragraph - under_first_paragraph --><\/p>\n<h2>Unser aktuell beliebtester Artikel<\/h2>\n<p><a href=\"https:\/\/benzinampel.de\/blog\/tipps-sprit-sparen\/\" dynamic-postlink=\"tcb_post_the_permalink\" data-shortcode-id=\"526\"><\/p>\n<p style=\"\"><span data-shortcode=\"tcb_post_categories\" data-shortcode-name=\"List of categories\" data-extra_key=\"\" data-attr-link=\"0\" data-attr-target=\"0\" data-attr-rel=\"0\" data-option-inline=\"1\">Toppost, Spartipps<\/span><\/p>\n<h2 style=\"padding-top: 0px !important; margin-top: 0px !important;\"><span data-shortcode=\"tcb_post_title\" data-shortcode-name=\"Post title\" data-extra_key=\"\" data-attr-link=\"0\" data-attr-target=\"0\" data-attr-rel=\"0\" data-option-inline=\"1\">Sprit sparen leicht gemacht &#8211; 5 ultimative Tipps<\/span><\/h2>\n<p><\/a><\/p>\n<p>Allein in diesem Blog gibt es zahlreiche Tipps zum Thema Sprit sparen, <a href=\"https:\/\/benzinampel.de\/blog\/tipps-sprit-sparen\/#more-526\">Weiterlesen<\/a><\/p>\n<h2>Aktuelles \/ News<\/h2>\n<p><a href=\"https:\/\/benzinampel.de\/blog\/die-rolle-der-spritpreise-in-der-logistik-strategien-fuerkosteneffiziente-fahrten\/\" dynamic-postlink=\"tcb_post_the_permalink\" data-shortcode-id=\"1591\"><\/p>\n<p style=\"\"><span data-shortcode=\"tcb_post_categories\" data-shortcode-name=\"List of categories\" data-extra_key=\"\" data-attr-link=\"0\" data-attr-target=\"0\" data-attr-rel=\"0\" data-option-inline=\"1\">Aktuelles<\/span><\/p>\n<h2 style=\"padding-top: 0px !important; margin-top: 0px !important;\"><span data-shortcode=\"tcb_post_title\" data-shortcode-name=\"Post title\" data-extra_key=\"\" data-attr-link=\"0\" data-attr-target=\"0\" data-attr-rel=\"0\" data-option-inline=\"1\">Die Rolle der Spritpreise in der Logistik: Strategien f\u00fcrkosteneffiziente Fahrten<\/span><\/h2>\n<p><\/a><\/p>\n<p>Ein erheblicher Teil der Waren wird mit Lkw oder Transportern quer durch <a href=\"https:\/\/benzinampel.de\/blog\/die-rolle-der-spritpreise-in-der-logistik-strategien-fuerkosteneffiziente-fahrten\/#more-1591\">Weiterlesen<\/a><\/p>\n<p><a href=\"https:\/\/benzinampel.de\/blog\/keine-angst-vorm-tuev-so-vermeiden-sie-ueberraschungen\/\" dynamic-postlink=\"tcb_post_the_permalink\" data-shortcode-id=\"1591\"><\/p>\n<p style=\"\"><span data-shortcode=\"tcb_post_categories\" data-shortcode-name=\"List of categories\" data-extra_key=\"\" data-attr-link=\"0\" data-attr-target=\"0\" data-attr-rel=\"0\" data-option-inline=\"1\">Aktuelles<\/span><\/p>\n<h2 style=\"padding-top: 0px !important; margin-top: 0px !important;\"><span data-shortcode=\"tcb_post_title\" data-shortcode-name=\"Post title\" data-extra_key=\"\" data-attr-link=\"0\" data-attr-target=\"0\" data-attr-rel=\"0\" data-option-inline=\"1\">Keine Angst vorm T\u00dcV: So vermeiden Sie \u00dcberraschungen<\/span><\/h2>\n<p><\/a><\/p>\n<p>Die in der Regel alle zwei Jahre stattfindende Hauptuntersuchung (HU), umgangssprachlich auch <a href=\"https:\/\/benzinampel.de\/blog\/keine-angst-vorm-tuev-so-vermeiden-sie-ueberraschungen\/#more-1513\">Weiterlesen<\/a><\/p>\n<p><span id=\"ezoic-pub-ad-placeholder-909\" data-method=\"placement-service\" data-ezoic-video-excluded=\"1\"><\/span><\/p>\n<h2>Spartipps<\/h2>\n<p><span><\/span><!-- ezoic_video_placeholder-mid_content-854x480-999996-clearholder --><!-- ezoic_video_placeholder-mid_content-854x480-999996-nonexxxclearxxxblock --><!-- ezoic_video_placeholder-mid_content-640x360-999996-clearholder --><!-- ezoic_video_placeholder-mid_content-640x360-999996-nonexxxclearxxxblock --><!-- ezoic_video_placeholder-mid_content-426x240-999996-clearholder --><!-- ezoic_video_placeholder-mid_content-426x240-999996-nonexxxclearxxxblock --><!-- ezoic_video_placeholder-mid_content-384x216-999996-clearholder --><!-- ezoic_video_placeholder-mid_content-384x216-999996-nonexxxclearxxxblock --><\/p>\n<p>Lesen Sie wann Sie am g\u00fcnstigsten Tanken oder wie sie spritsparender fahren k\u00f6nnen. Au\u00dferdem gibt es weiter n\u00fctzliche Tipps rund um das Thema sparen.&nbsp;<\/p>\n<p><span data-link=\"1\" data-shortcode=\"tcb_post_categories\"><a href=\"https:\/\/benzinampel.de\/blog\/thema\/spartipps\/\" title=\"Spartipps\">Spartipps<\/a><\/span><\/p>\n<h2><a href=\"https:\/\/benzinampel.de\/blog\/werden-die-benzinpreise-weiter-steigen\/\" title=\"Werden die Benzinpreise weiter steigen?\">Werden die Benzinpreise weiter steigen?<\/a><\/h2>\n<p>Den Blick in die Glaskugel wagt derzeit keiner. Christian Lindner hat sich <a href=\"https:\/\/benzinampel.de\/blog\/werden-die-benzinpreise-weiter-steigen\/#more-1509\">Weiterlesen<\/a><\/p>\n<p><span data-link=\"1\" data-shortcode=\"tcb_post_categories\"><a href=\"https:\/\/benzinampel.de\/blog\/thema\/spartipps\/\" title=\"Spartipps\">Spartipps<\/a><\/span><\/p>\n<h2><a href=\"https:\/\/benzinampel.de\/blog\/wann-tankt-man-am-guenstigsten\/\" title=\"Wann tankt man am g\u00fcnstigsten?\">Wann tankt man am g\u00fcnstigsten?<\/a><\/h2>\n<p>Tanken und Sparen, geht das? Tanken ist heutzutage eine teure Angelegenheit. Oftmals <a href=\"https:\/\/benzinampel.de\/blog\/wann-tankt-man-am-guenstigsten\/#more-1329\">Weiterlesen<\/a><\/p>\n<p><span data-link=\"1\" data-shortcode=\"tcb_post_categories\"><a href=\"https:\/\/benzinampel.de\/blog\/thema\/spartipps\/\" title=\"Spartipps\">Spartipps<\/a><\/span><\/p>\n<h2><a href=\"https:\/\/benzinampel.de\/blog\/guenstig-tanken-im-europaeischen-ausland\/\" title=\"G\u00fcnstig Tanken im europ\u00e4ischen Ausland\">G\u00fcnstig Tanken im europ\u00e4ischen Ausland<\/a><\/h2>\n<p>Die Preise f\u00fcr Benzin, Diesel und Fl\u00fcssiggas unterscheiden sich in den europ\u00e4ischen <a href=\"https:\/\/benzinampel.de\/blog\/guenstig-tanken-im-europaeischen-ausland\/#more-1333\">Weiterlesen<\/a><\/p>\n<p><span data-link=\"1\" data-shortcode=\"tcb_post_categories\"><a href=\"https:\/\/benzinampel.de\/blog\/thema\/spartipps\/\" title=\"Spartipps\">Spartipps<\/a><\/span><\/p>\n<h2><a href=\"https:\/\/benzinampel.de\/blog\/e10-benzin-das-guenstigere\/\" title=\"E10 &#8211; das g\u00fcnstigere Benzin\">E10 &#8211; das g\u00fcnstigere Benzin<\/a><\/h2>\n<p>E10 ist Benzin, welches einen zehnprozentigen Anteil an Ethanol enth\u00e4lt. Nicht jedes <a href=\"https:\/\/benzinampel.de\/blog\/e10-benzin-das-guenstigere\/#more-1346\">Weiterlesen<\/a><\/p>\n<h2>Sicherheit<\/h2>\n<p>Sicherheit im Stra\u00dfenverkehr ist enorm wichtig. Erfahren Sie hier welche Ma\u00dfnahmen Sie ergreifen k\u00f6nnen oder m\u00fcssen.&nbsp;<\/p>\n<p><span data-link=\"1\" data-shortcode=\"tcb_post_categories\"><a href=\"https:\/\/benzinampel.de\/blog\/thema\/sicherheit\/\" title=\"Sicherheit\">Sicherheit<\/a><\/span><\/p>\n<h2><a href=\"https:\/\/benzinampel.de\/blog\/tiere-im-auto-transportieren\/\" title=\"Tiere im Auto transportieren\">Tiere im Auto transportieren<\/a><\/h2>\n<p>Tiere im Auto &#8211; Beim Transport m\u00fcssen Sie zahlreiche Kriterien beachten. F\u00fcr <a href=\"https:\/\/benzinampel.de\/blog\/tiere-im-auto-transportieren\/#more-1467\">[&#8230;]<\/a><\/p>\n<p><span data-link=\"1\" data-shortcode=\"tcb_post_categories\"><a href=\"https:\/\/benzinampel.de\/blog\/thema\/sicherheit\/\" title=\"Sicherheit\">Sicherheit<\/a><\/span><\/p>\n<h2><a href=\"https:\/\/benzinampel.de\/blog\/was-sie-ueber-die-warnwestenpflicht-wissen-muessen\/\" title=\"Was Sie \u00fcber die Warnwestenpflicht wissen m\u00fcssen\">Was Sie \u00fcber die Warnwestenpflicht wissen m\u00fcssen<\/a><\/h2>\n<p>Bei einem Unfall oder einer Panne m\u00fcssen Sie in den meisten F\u00e4llen <a href=\"https:\/\/benzinampel.de\/blog\/was-sie-ueber-die-warnwestenpflicht-wissen-muessen\/#more-1464\">[&#8230;]<\/a><\/p>\n<p><span><\/span><\/p>\n<h2>Technik<\/h2>\n<p>Unsere Beitr\u00e4ge zum Thema Technik umfassen allerlei Technische Tipps f\u00fcr Fahrzeug und Mensch.&nbsp;<\/p>\n<p><span data-link=\"1\" data-shortcode=\"tcb_post_categories\"><a href=\"https:\/\/benzinampel.de\/blog\/thema\/technik\/\" title=\"Technik\">Technik<\/a>, <a href=\"https:\/\/benzinampel.de\/blog\/thema\/sicherheit\/\" title=\"Sicherheit\">Sicherheit<\/a><\/span><\/p>\n<h2><a href=\"https:\/\/benzinampel.de\/blog\/sicher-unterwegs-bei-schnee-und-eis-so-gehts\/\" title=\"Sicher unterwegs bei Schnee und Eis &#8211; so geht&#8217;s\">Sicher unterwegs bei Schnee und Eis &#8211; so geht&#8217;s<\/a><\/h2>\n<p>Der Winter steht vor der T\u00fcr und bringt f\u00fcr Autofahrer wieder jede <a href=\"https:\/\/benzinampel.de\/blog\/sicher-unterwegs-bei-schnee-und-eis-so-gehts\/#more-1381\">[&#8230;]<\/a><\/p>\n<p><span data-link=\"1\" data-shortcode=\"tcb_post_categories\"><a href=\"https:\/\/benzinampel.de\/blog\/thema\/technik\/\" title=\"Technik\">Technik<\/a><\/span><\/p>\n<h2><a href=\"https:\/\/benzinampel.de\/blog\/steinschlag-die-wichtigsten-informationen-und-tipps\/\" title=\"Steinschlag: Die wichtigsten Informationen und Tipps\">Steinschlag: Die wichtigsten Informationen und Tipps<\/a><\/h2>\n<p>Ein Steinschlag entsteht meist in den ung\u00fcnstigsten Momenten. Vor der Urlaubsfahrt, beim <a href=\"https:\/\/benzinampel.de\/blog\/steinschlag-die-wichtigsten-informationen-und-tipps\/#more-1315\">[&#8230;]<\/a><\/p>\n<p><span><\/span><span data-ez-ph-id=\"999991\" style=\"margin-bottom:15px !important !important;display:flex !important;background:0 0 !important;float:none !important;margin-top:15px !important !important;margin-left:auto !important;text-align:center !important;min-width:580px;max-width:100% !important;width:580px;line-height:0px;padding:0;margin-right:auto !important;min-height:0px !important;\" data-ezoic-video-excluded=\"1\"><\/span><\/p>\n<h2>Ratgeber: &nbsp;Auto, Motorrad &amp; Wohnmobil<\/h2>\n<p>Alle unsere Artikel zum Thema Ratgeber Auto, Motorrad und Wohnmobil finden Sie hier. Holen Sie sich n\u00fctzliches Wissen f\u00fcr ihre k\u00fcnftigen Fahrten oder Reisen.&nbsp;<\/p>\n<p><span data-link=\"1\" data-shortcode=\"tcb_post_categories\"><a href=\"https:\/\/benzinampel.de\/blog\/thema\/ratgeber\/auto\/\" title=\"Auto\">Auto<\/a>, <a href=\"https:\/\/benzinampel.de\/blog\/thema\/ratgeber\/\" title=\"Ratgeber\">Ratgeber<\/a>, <a href=\"https:\/\/benzinampel.de\/blog\/thema\/ratgeber\/wohnwagen\/\" title=\"Wohnmobil &amp; Wohnwagen\">Wohnmobil &amp; Wohnwagen<\/a><\/span><\/p>\n<h2><a href=\"https:\/\/benzinampel.de\/blog\/ratgeber-rund-um-umweltzone-und-umweltplakette\/\" title=\"Ratgeber rund um Umweltzone und Umweltplakette\">Ratgeber rund um Umweltzone und Umweltplakette<\/a><\/h2>\n<p>Der Umweltschutz wird immer wichtiger und daran kommen auch die Kommunen nicht <a href=\"https:\/\/benzinampel.de\/blog\/ratgeber-rund-um-umweltzone-und-umweltplakette\/#more-1392\">[&#8230;]<\/a><\/p>\n<p><span data-link=\"1\" data-shortcode=\"tcb_post_categories\"><a href=\"https:\/\/benzinampel.de\/blog\/thema\/ratgeber\/\" title=\"Ratgeber\">Ratgeber<\/a>, <a href=\"https:\/\/benzinampel.de\/blog\/thema\/ratgeber\/auto\/\" title=\"Auto\">Auto<\/a><\/span><\/p>\n<h2><a href=\"https:\/\/benzinampel.de\/blog\/promillegrenzen-fuer-auto-und-fahrrad\/\" title=\"Promillegrenzen f\u00fcr Auto und Fahrrad\">Promillegrenzen f\u00fcr Auto und Fahrrad<\/a><\/h2>\n<p>Wie hoch sind die Promillegrenzen in Deutschland? Deutschland ist eines der wenigen <a href=\"https:\/\/benzinampel.de\/blog\/promillegrenzen-fuer-auto-und-fahrrad\/#more-1368\">[&#8230;]<\/a><\/p>\n","protected":false},"excerpt":{"rendered":"<p>Das Magazin rund ums Auto, Motorrad &amp; Wohnmobil Herzlich Willkommen auf dem Blog der Benzinampel. Hier finden Sie immer aktuell Tipps rund um das Thema Kraftstoff, Auto, Motorrad, Wohnwagen, Sicherheit und Technik.&nbsp; Unser aktuell beliebtester Artikel Toppost, Spartipps Sprit sparen leicht gemacht &#8211; 5 ultimative Tipps Allein in diesem Blog gibt es zahlreiche Tipps zum [&hellip;]<\/p>\n","protected":false},"author":1,"featured_media":0,"parent":0,"menu_order":0,"comment_status":"closed","ping_status":"closed","template":"","meta":{"_monsterinsights_skip_tracking":false,"_monsterinsights_sitenote_active":false,"_monsterinsights_sitenote_note":"","_monsterinsights_sitenote_category":0,"footnotes":""},"_links":{"self":[{"href":"https:\/\/benzinampel.de\/blog\/wp-json\/wp\/v2\/pages\/1404"}],"collection":[{"href":"https:\/\/benzinampel.de\/blog\/wp-json\/wp\/v2\/pages"}],"about":[{"href":"https:\/\/benzinampel.de\/blog\/wp-json\/wp\/v2\/types\/page"}],"author":[{"embeddable":true,"href":"https:\/\/benzinampel.de\/blog\/wp-json\/wp\/v2\/users\/1"}],"replies":[{"embeddable":true,"href":"https:\/\/benzinampel.de\/blog\/wp-json\/wp\/v2\/comments?post=1404"}],"version-history":[{"count":0,"href":"https:\/\/benzinampel.de\/blog\/wp-json\/wp\/v2\/pages\/1404\/revisions"}],"wp:attachment":[{"href":"https:\/\/benzinampel.de\/blog\/wp-json\/wp\/v2\/media?parent=1404"}],"curies":[{"name":"wp","href":"https:\/\/api.w.org\/{rel}","templated":true}]}}